se -v - 20 = -4*v - 2*p, 0 = -5*v + t*p. Let u = -2 + v. What is the units digit of u?
2
Suppose 0 = -3*w - 4*t - 18 + 112, -3*w - 2*t + 104 = 0. What is the units digit of w?
8
Let j(u) = -4*u**3 + u**2 + u + 1. Let h be j(-1). Suppose -h*z + 0 = -35. What is the units digit of z?
7
Let l = -58 - -50. Suppose o - v - 2 = -2*v, o = -5*v + 2. What is the units digit of -1 + 4 - l/o?
7
Let d(u) = -11*u**3 - u**2 - u - 3. What is the units digit of d(-2)?
3
Let o = -1 + 0. Let f(h) = 31*h**2 - 2*h + 11. Let y(g) = -15*g**2 + g - 5. Let n(u) = -6*f(u) - 13*y(u). What is the units digit of n(o)?
9
Suppose 0*z + 86 = 2*z - 2*q, -z = -4*q - 58. What is the tens digit of z?
3
Let n be (-4)/(-6) + (-68)/(-6). Suppose 5*c - 92 = -n. Suppose -5*g + c = j - 25, -j = -g + 7. What is the units digit of g?
8
Suppose 2*q + 13 = o - 0, 0 = 2*q + o + 23. Let d = 9 + q. Suppose 3*j - 22 - 2 = d. What is the units digit of j?
8
Suppose 4*b - 1 = 11. What is the units digit of b?
3
Let o(y) = -4*y + 1. Let s be o(1). Let n be (2/s)/((-2)/6). What is the units digit of 2/4 + 3/n?
2
Let y(q) = 4*q + 6. Let v(p) = -p**3 + 11*p**2 + 14*p - 16. Let t be v(12). What is the tens digit of y(t)?
3
Suppose -5*q + 241 = 36. What is the tens digit of q?
4
Let n = 23 - 17. Let l = n - -17. What is the tens digit of l?
2
Suppose 0 = 17*c - 15*c - 216. What is the hundreds digit of c?
1
Let v(l) = -l**3 + l**2 - l - 1. Let x be v(-1). Suppose 5*u = 4*y - 90, u = x*y - 25 - 17. What is the tens digit of y?
2
Suppose 5*w - 25 = -0*w. Suppose 26 + 4 = 6*b. Suppose -b*a = o - 3, -o + 4 = -w*a - 29. What is the tens digit of o?
1
Suppose -4*b + 48 = 3*t, 4*b + 24 = 3*t - 0*t. What is the tens digit of t?
1
Let v be (38/(-2))/((-1)/(-11)). Let u = 333 + v. Suppose 5*p = -34 + u. What is the tens digit of p?
1
Suppose 0 = -3*y - y + 8. Suppose 0 = -4*s + 38 - 14. Suppose b + s = y*b. What is the units digit of b?
6
Suppose -5*j - 55 = a + 181, 0 = -4*j + a - 196. Let r = j - -79. What is the units digit of r?
1
Suppose 3*m - 360 = 5*f, 87 + 22 = m + 2*f. What is the tens digit of m?
1
Suppose 5*u + d = 29, 0*d + d - 24 = -4*u. Let f(s) = -11*s + 7 + 18*s - 8*s. What is the units digit of f(u)?
2
Let k(w) = -w + 3. Let m be k(-8). Let f = m + -9. What is the units digit of f?
2
Let n = 33 + 188. What is the hundreds digit of n?
2
Let y(t) = t**2 + 11*t + 38. What is the tens digit of y(-15)?
9
Let d(q) = 2*q - 6. Let k be d(-8). Let t = 11 - k. Suppose 5*o - 13 = 4*x, t = 4*o + x + 10. What is the units digit of o?
5
Suppose -5*c + 5 = -85. What is the units digit of c?
8
Suppose 11 = 4*l - 117. What is the tens digit of l?
3
Let u(o) = -o - 7. Let z be u(-3). Let m(s) be the third derivative of -s**4/6 - s**3/2 + s**2. What is the tens digit of m(z)?
1
Let i(a) = -13*a - 2. What is the tens digit of i(-2)?
2
Let l = 60 - 36. Let n = -22 + l. What is the units digit of n?
2
Suppose 3*x - 5 = 2*u, -2*u - 1 = x - 8. Suppose -w + 4*c + x = -4, -w + 11 = -5*c. Let l = -8 - w. What is the units digit of l?
1
Let z be ((-39)/(-6))/((-7)/28). Let h = 62 + z. What is the units digit of h?
6
Let b(w) = -w**2 + 27*w + 9. What is the hundreds digit of b(18)?
1
Suppose -z = -3*l - 44, -l = -2*l - 4. What is the tens digit of z?
3
Let d(m) = -m**2 + 5*m + 8. Let x be d(6). Suppose 0 = -x*q - 3*y + 112, -3*q + 170 = -0*q + 5*y. Suppose -2*t = -7*t + q. What is the tens digit of t?
1
Let o = 354 + -220. What is the hundreds digit of o?
1
What is the tens digit of 5 - (-25 - -1) - -3?
3
Suppose 0 = -i - 12 + 48. What is the units digit of i?
6
Let b(p) = 9*p**3 - p**2 + 11*p**3 - 8*p**3. What is the units digit of b(1)?
1
Suppose -4*i = -2*i - 18. Let g = i - -4. What is the tens digit of g?
1
Let k be 5/(-4) + 2/8. Let g be (k + 2 + -1)*-1. Suppose g = r + r - 18. What is the units digit of r?
9
Suppose -o - 4*v = 2*o - 135, -3*o + 3*v + 156 = 0. What is the units digit of o?
9
Let z = 10 - 6. Let w(t) = 5*t - 5. What is the units digit of w(z)?
5
Suppose 0 = -5*u - 0 + 85. What is the units digit of u?
7
Let d = 278 + -106. What is the hundreds digit of d?
1
Suppose 5*y = -2*a + 11, 0 = -3*y + 4*y + 4*a - 13. What is the units digit of (15 + 2 - 3)*y?
4
Suppose 57 = 2*h - 3*q, -4*h - q = -4*q - 99. Suppose 0 = -4*z + z + h. What is the units digit of z?
7
Let p(y) = 2*y - 1. Suppose 3*z - w + 2*w - 5 = 0, -2*w = 3*z - 1. Let g be p(z). Suppose -20 = -4*a + 4*i, 11 + 12 = 3*a - g*i. What is the units digit of a?
1
What is the units digit of 0/(-1) - (-43 - -2)?
1
Suppose 4*z + 72 = 2*o, 6*o - 3*o - 5*z = 105. What is the units digit of o?
0
Let y(k) = -k**3 + 6*k**2 - 3*k + 2. Let a be y(3). Suppose 0 = -x - 4*x + a. Suppose -t = t - x. What is the units digit of t?
2
Suppose -h + 1 = 3. Let i be 1 + -1 - 24/h. Suppose -5*s + 55 = -3*y, -5*s + 43 = -2*y - i. What is the units digit of s?
1
Let f be -2 + 2 + (-2)/(-1). What is the units digit of 0/1 + (f - 1)?
1
Suppose 5*y - 3*j = -8*j - 25, 3*y = -4*j - 16. Let x(k) = k**2 + k + 1. What is the units digit of x(y)?
3
Suppose 2*k + 10 = 20. What is the units digit of k?
5
Let o = 21 + -9. What is the tens digit of o?
1
Suppose -3*y + 6 = -3. Let b(r) = -5*r**3 - r**2 - r. Let o be b(-1). Suppose y + 2 = o*l. What is the units digit of l?
1
Let g(n) = -3*n**3 + 17*n**2 - 23*n - 5. Let c(r) = -r**3 + 6*r**2 - 8*r - 2. Let h(z) = 8*c(z) - 3*g(z). What is the tens digit of h(4)?
3
Let n = -68 - -148. What is the units digit of n?
0
Suppose 3*p + 2*t - 56 = 0, 3*t - 42 = -2*p + 4*t. Suppose -10 - p = -2*x. What is the units digit of x?
5
Suppose -w = 2*w + 12. Suppose 19*j - 15*j = 8. What is the units digit of 7/(0 - j/w)?
4
Suppose 5 = 7*t - 2*t. Let u = t + 15. Suppose v + u = 3*v. What is the units digit of v?
8
Let y be (-3 - -1)/(4/14). Suppose -4*g - 5*a + 2*a - 39 = 0, -33 = 2*g - 3*a. Let r = y - g. What is the units digit of r?
5
Suppose 0 = -5*a - 5. Let y be (0/(-3))/(a/1). Suppose -5*k + 2 + 3 = y. What is the units digit of k?
1
Let s be 5 - ((-12)/(-3))/(-2). What is the units digit of (-7)/(s/8)*-1?
8
Let z be 2 + -28*3/(-6). Let m = 23 - z. What is the units digit of m?
7
Let l be 7/14 - (-9)/2. Let n = 11 - l. What is the units digit of n?
6
Suppose -5*d + 3 = -2. Let n(y) = 7*y**2 - 1. What is the units digit of n(d)?
6
Let x = 45 - 31. Let a = -13 - -11. Let l = a + x. What is the units digit of l?
2
Suppose 0 = -s - o, -6 = -3*s + 3*o + 24. Suppose -37 = g - 5*p, -g + 3*g + s*p + 14 = 0. Let l = g - -24. What is the units digit of l?
7
Suppose -105 + 30 = -3*t + 3*v, 0 = t + 4*v - 40. What is the tens digit of t?
2
What is the tens digit of 885/6*6/5?
7
Suppose -3*w = -53 + 11. Let b = 0 + w. Let k = b + -9. What is the units digit of k?
5
Suppose 3*u - 3*s = -3, -s - 1 = -5*u - 2*s. Suppose 0 = -i - c - u*c + 10, 5*i - 47 = -2*c. Let g = i + -1. What is the units digit of g?
8
Let z = 23 - 40. Let h = z + 37. What is the tens digit of h?
2
Let r = 14 + 6. What is the units digit of r?
0
Suppose 5*u = 4*u + 122. What is the tens digit of u?
2
Let u be 84/(-4)*(-2)/6. Let p(x) = x**3 - 8*x**2 + 10*x - 8. Let n be p(u). Let c = n + -1. What is the tens digit of c?
1
Let p = 5 + 0. Suppose -p*z = j + 7, 0*j = 2*z + j + 1. What is the units digit of (2/z)/(1/(-1))?
1
Suppose 2*k - 10 = -3*a, -k = -0*a - 4*a + 17. What is the units digit of a?
4
Suppose y + 3 + 4 = 0. Let k = 15 + y. What is the units digit of (-30)/(-4)*k/12?
5
Suppose -5*b = -0*b - 5*v - 35, 2*v = -b + 4. Suppose -2*a + 2*q - b + 28 = 0, 46 = 4*a - 5*q. Suppose 0 = a*r - 13*r + 12. What is the units digit of r?
3
Suppose -24 = 4*t - 3*w - 6, 3*t + 5*w + 28 = 0. Let d = t + 4. What is the units digit of (-3*1)/(d - -1)?
3
Suppose 5 + 5 = 5*l. Let i = l + 0. What is the units digit of i?
2
Suppose -f - 3*f = 5*s - 1056, 208 = s + 4*f. What is the hundreds digit of s?
2
Let f(w) = -32*w**3 + w**2 + 6*w + 6. What is the tens digit of f(-2)?
5
Let w(i) = -i**2 - i + 1. Let v(k) = 2*k**3 + k**2 - k - 2. Let p(b) = -v(b) - w(b). Let m be p(-1). What is the units digit of m/(-2 - (-3 - 0))?
1
Suppose 0 = -9*o + 4*o + 3*v + 887, 0 = 3*v + 12. What is the hundreds digit of o?
1
Suppose o - 137 = -3*c - 0*o, -5*c = o - 231. What is the tens digit of c?
4
Suppose -2*k - 15 = -5*k